{"id":136,"date":"2025-02-22T12:31:51","date_gmt":"2025-02-22T11:31:51","guid":{"rendered":"https:\/\/oracley.com\/?page_id=136"},"modified":"2025-03-20T16:06:40","modified_gmt":"2025-03-20T15:06:40","slug":"astral-chinois","status":"publish","type":"page","link":"https:\/\/oracley.com\/index.php\/astral-chinois\/","title":{"rendered":"Astral chinois"},"content":{"rendered":"<p class=\"myDescription\">Astral chinois &#8211; L&rsquo;astrologie de la date de naissance est une m\u00e9thode de pr\u00e9diction qui permet d&rsquo;estimer la personnalit\u00e9, la chance et les tendances futures d&rsquo;un individu en fonction de sa date de naissance. En analysant des \u00e9l\u00e9ments tels que l&rsquo;heure, la date, le signe astrologique, les cinq \u00e9l\u00e9ments, etc., cette pratique permet de r\u00e9v\u00e9ler les traits de caract\u00e8re int\u00e9rieurs, les forces et faiblesses potentielles d&rsquo;une personne, ainsi que les d\u00e9fis et opportunit\u00e9s qu&rsquo;elle pourrait rencontrer dans la vie. Selon le contexte culturel, l&rsquo;astrologie de la date de naissance prend diff\u00e9rentes formes et m\u00e9thodes, mais son principe fondamental repose sur la croyance que le moment de la naissance d&rsquo;une personne est \u00e9troitement li\u00e9 aux \u00e9nergies de l&rsquo;univers et aux ph\u00e9nom\u00e8nes c\u00e9lestes, influen\u00e7ant ainsi le parcours de sa destin\u00e9e.<\/p>\n\n<div style=\"display:none\">\n\u5f53\u524d\u5269\u4f59\u79ef\u5206\uff1a \n<div id=\"mycred-buy-content136\" class=\"mycred-sell-this-wrapper mycred-sell-partial-content mycred-sell-visitor\" data-pid=\"136\"><div class=\"text-center\">\r\n<h3>Premium Content<\/h3>\r\nLogin to buy access to this content.\r\n\r\n<\/div><\/div>\n<\/div>\n\n<div class=\"myselect\">\n<h2 class=\"mytitre\">Quelle est la date de naissance que vous souhaitez estimer\uff1f<\/h2>\n<br>\n\n<label for=\"day\">Jour:<\/label>\n<select id=\"day\"><\/select>\n\n<label for=\"month\">Mois:<\/label>\n<select id=\"month\"><\/select>\n\n<label for=\"year\">Ann\u00e9e:<\/label>\n<select id=\"year\"><\/select>\n<br>\n<span class=\"mynotice\">Cette estimation consommera 1 de vos points.\n<br>\nVotre solde actuel : <span id=\"mycred_balance\"><\/span>\n<\/span>\n\n\n<br>\n<button id=\"subtract-points-btn\" onclick=\"checkBalanceAndSend()\">Commencer<\/button>\n<\/div>\n\n\n<p style=\"display:none\" id=\"zodiacSign\"><\/p>\n<p id=\"apiResponse\" style=\"display:none\"><\/p>\n<br>\n<p id=\"gptResponse\"><\/p>\n\n\n\n<script src=\"https:\/\/oracley.com\/wp-content\/themes\/twentytwentytwo\/js\/sendapi_sendgpt_ac.js\"><\/script>","protected":false},"excerpt":{"rendered":"<p>Astral chinois &#8211; L&rsquo;astrologie de la date de naissance est une m\u00e9thode de pr\u00e9diction qui permet d&rsquo;estimer la personnalit\u00e9, la chance et les tendances futures d&rsquo;un individu en fonction de sa date de naissance. En analysant des \u00e9l\u00e9ments tels que l&rsquo;heure, la date, le signe astrologique, les cinq \u00e9l\u00e9ments, etc., cette pratique permet de r\u00e9v\u00e9ler [&hellip;]<\/p>\n","protected":false},"author":1,"featured_media":0,"parent":0,"menu_order":0,"comment_status":"closed","ping_status":"closed","template":"","meta":{"footnotes":""},"class_list":["post-136","page","type-page","status-publish","hentry"],"_links":{"self":[{"href":"https:\/\/oracley.com\/index.php\/wp-json\/wp\/v2\/pages\/136","targetHints":{"allow":["GET"]}}],"collection":[{"href":"https:\/\/oracley.com\/index.php\/wp-json\/wp\/v2\/pages"}],"about":[{"href":"https:\/\/oracley.com\/index.php\/wp-json\/wp\/v2\/types\/page"}],"author":[{"embeddable":true,"href":"https:\/\/oracley.com\/index.php\/wp-json\/wp\/v2\/users\/1"}],"replies":[{"embeddable":true,"href":"https:\/\/oracley.com\/index.php\/wp-json\/wp\/v2\/comments?post=136"}],"version-history":[{"count":30,"href":"https:\/\/oracley.com\/index.php\/wp-json\/wp\/v2\/pages\/136\/revisions"}],"predecessor-version":[{"id":384,"href":"https:\/\/oracley.com\/index.php\/wp-json\/wp\/v2\/pages\/136\/revisions\/384"}],"wp:attachment":[{"href":"https:\/\/oracley.com\/index.php\/wp-json\/wp\/v2\/media?parent=136"}],"curies":[{"name":"wp","href":"https:\/\/api.w.org\/{rel}","templated":true}]}}