{"id":98,"date":"2025-02-12T22:14:39","date_gmt":"2025-02-12T21:14:39","guid":{"rendered":"https:\/\/oracley.com\/?page_id=98"},"modified":"2025-03-20T16:08:19","modified_gmt":"2025-03-20T15:08:19","slug":"astrologique","status":"publish","type":"page","link":"https:\/\/oracley.com\/index.php\/astrologique\/","title":{"rendered":"Astrologique"},"content":{"rendered":"<p class=\"myDescription\">\nPlongez dans l\u2019univers fascinant de l\u2019astrologie avec notre test astrologique ! En fonction de votre date de naissance, d\u00e9couvrez votre signe du zodiaque, ses caract\u00e9ristiques uniques, votre compatibilit\u00e9 avec les autres signes et les influences des astres sur votre personnalit\u00e9 et votre destin.\n\nQue vous soyez curieux(se) ou passionn\u00e9(e) d\u2019astrologie, notre outil vous offre des analyses pr\u00e9cises et inspirantes pour mieux vous comprendre et explorer les myst\u00e8res des \u00e9toiles. Laissez-vous guider par l\u2019astrologie et percez les secrets de votre signe ! \n<\/p>\n\n<div style=\"display:none\">\n\u5f53\u524d\u5269\u4f59\u79ef\u5206\uff1a \n<div id=\"mycred-buy-content98\" class=\"mycred-sell-this-wrapper mycred-sell-partial-content mycred-sell-visitor\" data-pid=\"98\"><div class=\"text-center\">\r\n<h3>Premium Content<\/h3>\r\nLogin to buy access to this content.\r\n\r\n<\/div><\/div>\n<\/div>\n\n<div class=\"myselect\">\n<label for=\"day\">Jour:<\/label>\n<select id=\"day\"><\/select>\n    \n<label for=\"month\">Mois:<\/label>\n<select id=\"month\"><\/select>\n    \n<label for=\"year\">Ann\u00e9e:<\/label>\n<select id=\"year\"><\/select>\n<br>\n<span class=\"mynotice\">Cette estimation consommera 1 de vos points.\n<br>\nVotre solde actuel : \n<span id=\"mycred_balance\"><\/span>\n<\/span>\n<br>\n<button id=\"subtract-points-btn\" onclick=\"checkBalanceAndSend()\">Commencer<\/button>\n<\/div>\n\n<p style=\"display:none\" id=\"zodiacSign\"><\/p>\n<p id=\"apiResponse\" style=\"display:none\"><\/p>\n<br>\n<p id=\"gptResponse\"><\/p>\n\n<script src=\"https:\/\/oracley.com\/wp-content\/themes\/twentytwentytwo\/js\/sendapi_sendgpt.js\"><\/script><p><\/p>","protected":false},"excerpt":{"rendered":"<p>Plongez dans l\u2019univers fascinant de l\u2019astrologie avec notre test astrologique ! En fonction de votre date de naissance, d\u00e9couvrez votre signe du zodiaque, ses caract\u00e9ristiques uniques, votre compatibilit\u00e9 avec les autres signes et les influences des astres sur votre personnalit\u00e9 et votre destin. Que vous soyez curieux(se) ou passionn\u00e9(e) d\u2019astrologie, notre outil vous offre des [&hellip;]<\/p>\n","protected":false},"author":1,"featured_media":0,"parent":0,"menu_order":0,"comment_status":"closed","ping_status":"closed","template":"","meta":{"footnotes":""},"class_list":["post-98","page","type-page","status-publish","hentry"],"_links":{"self":[{"href":"https:\/\/oracley.com\/index.php\/wp-json\/wp\/v2\/pages\/98","targetHints":{"allow":["GET"]}}],"collection":[{"href":"https:\/\/oracley.com\/index.php\/wp-json\/wp\/v2\/pages"}],"about":[{"href":"https:\/\/oracley.com\/index.php\/wp-json\/wp\/v2\/types\/page"}],"author":[{"embeddable":true,"href":"https:\/\/oracley.com\/index.php\/wp-json\/wp\/v2\/users\/1"}],"replies":[{"embeddable":true,"href":"https:\/\/oracley.com\/index.php\/wp-json\/wp\/v2\/comments?post=98"}],"version-history":[{"count":38,"href":"https:\/\/oracley.com\/index.php\/wp-json\/wp\/v2\/pages\/98\/revisions"}],"predecessor-version":[{"id":383,"href":"https:\/\/oracley.com\/index.php\/wp-json\/wp\/v2\/pages\/98\/revisions\/383"}],"wp:attachment":[{"href":"https:\/\/oracley.com\/index.php\/wp-json\/wp\/v2\/media?parent=98"}],"curies":[{"name":"wp","href":"https:\/\/api.w.org\/{rel}","templated":true}]}}